{"id":22,"date":"2024-11-27T13:32:01","date_gmt":"2024-11-27T12:32:01","guid":{"rendered":"http:\/\/juevesdejazz.com\/?page_id=22"},"modified":"2025-01-18T18:25:50","modified_gmt":"2025-01-18T17:25:50","slug":"jueves-de-jazz","status":"publish","type":"page","link":"https:\/\/juevesdejazz.com\/?page_id=22","title":{"rendered":"Jueves de Jazz"},"content":{"rendered":"\n<p><\/p>\n\n\n\n<p>Jazz from the World in Radio Alma, Brussels&#8217; Mediterranean frequency on 101.9 fm <br> <a href=\"http:\/\/www.radioalma.be\" data-type=\"link\" data-id=\"www.radioalma.be\">www.radioalma.be <\/a><br><br>Jueves de Jazz is a program created, directed, produced and animated by Federico Garcia in Radio Alma since February 2017. <br><br>For almost an hour on Jueves de Jazz, Federico Garcia shares with the audience fantastic jazz made and played by great international jazz musicians and singers who have emerged on both sides of the Atlantic Ocean (Latin jazz, flamenco jazz, experimental jazz or free jazz, Nordic jazz, Belgian jazz, tango jazz, Canarian jazz, Finnish jazz, French jazz, Austrian jazz, Danish Jazz, Mexican jazz, Argentine jazz, Chilean jazz, etc.). <br><br>Jueves de Jazz y is broadcasted every Thursday at 6:00 p.m. (Belgium time) <br>It is rebroadcasted every Tuesday at 11:00 p.m. (Belgium time)<\/p>\n\n\n\n<p><\/p>\n\n\n\n<p>On<a href=\"https:\/\/radioalma.eu\/jazz\/entrevista\/\" data-type=\"link\" data-id=\"https:\/\/radioalma.eu\/jazz\/entrevista\/\"> Jueves de Jazz blog <\/a>you will find podcasts with all the Conversations that sporadically I have had  with great musicians since the start of the program in February 2017.<\/p>\n\n\n\n<p>On Jueves de Jazz Federico Garc\u00eda frequently holds interesting Conversations with great jazz musicians in the studio of Radio Alma, and abroad directly in cafes or jazz studios or by telephone from Brussels, Belgium or Waldviertel in Austria. <\/p>\n\n\n\n<details class=\"wp-block-details is-layout-flow wp-block-details-is-layout-flow\"><summary>Welcome to Jueves de Jazz!<\/summary>\n<figure class=\"wp-block-audio\"><audio controls src=\"http:\/\/juevesdejazz.com\/wp-content\/uploads\/2024\/11\/JdeJvoice.mp3\"><\/audio><\/figure>\n<\/details>\n\n\n\n<p>Jueves de Jazz  is no longer present on Facebook&#8230; whoever listens to Jueves de Jazz should listen without having togo through visual noise in the so-called social media <\/p>\n\n\n\n<p><\/p>\n\n\n\n<p>An here you could listen to some Convesations from already many I had with fantastic jazzmen and jazzwomen both in English and Spanish and many dubbed into Spanish too.<\/p>\n\n\n\n<p><a href=\"https:\/\/radioalma.eu\/jazz\/entrevista\/\" data-type=\"link\" data-id=\"https:\/\/radioalma.eu\/jazz\/entrevista\/\">here is the link<\/a>, enjoy!<\/p>\n\n\n\n<figure class=\"wp-block-image size-full is-resized\"><img data-dominant-color=\"e6e5e5\" data-has-transparency=\"false\" loading=\"lazy\" decoding=\"async\" width=\"388\" height=\"218\" src=\"http:\/\/juevesdejazz.com\/wp-content\/uploads\/2024\/12\/JdJlogoCharlas-e1734560669457.webp\" alt=\"\" class=\"wp-image-262 not-transparent\" style=\"--dominant-color: #e6e5e5; width:370px;height:auto\"\/><\/figure>\n\n\n\n<p style=\"font-style:normal;font-weight:500;letter-spacing:1px\"><mark style=\"background-color:rgba(0, 0, 0, 0)\" class=\"has-inline-color has-vivid-cyan-blue-color\"><br>Jazz del Mundo en Radio Alma, la frecuencia Mediterr\u00e1nea de Bruselas en el 101.9 fm \u2028<\/mark><br><mark style=\"background-color:rgba(0, 0, 0, 0)\" class=\"has-inline-color has-vivid-cyan-blue-color\"><br><a href=\"http:\/\/radioalma.be\/\" data-type=\"link\" data-id=\"http:\/\/radioalma.be\/\"> www.radioalma.be<\/a><\/mark><\/p>\n\n\n\n<figure class=\"wp-block-image size-full\"><img loading=\"lazy\" decoding=\"async\" width=\"400\" height=\"400\" src=\"http:\/\/juevesdejazz.com\/wp-content\/uploads\/2024\/11\/JuevesdeJazzlogo.jpg\" alt=\"Jueves de Jazz\" class=\"wp-image-13\" srcset=\"https:\/\/juevesdejazz.com\/wp-content\/uploads\/2024\/11\/JuevesdeJazzlogo.jpg 400w, https:\/\/juevesdejazz.com\/wp-content\/uploads\/2024\/11\/JuevesdeJazzlogo-300x300.jpg 300w, https:\/\/juevesdejazz.com\/wp-content\/uploads\/2024\/11\/JuevesdeJazzlogo-150x150.jpg 150w, https:\/\/juevesdejazz.com\/wp-content\/uploads\/2024\/11\/JuevesdeJazzlogo-200x200.jpg 200w, https:\/\/juevesdejazz.com\/wp-content\/uploads\/2024\/11\/JuevesdeJazzlogo-100x100.jpg 100w\" sizes=\"auto, (max-width: 400px) 100vw, 400px\" \/><\/figure>\n\n\n\n<p>Jueves de Jazz es un programa creado, dirigido, producido y animado por Federico Garcia <br>en la estaci&#8217;on belga Radio Alma desde 2017.<\/p>\n\n\n\n<p>Durante una hora en Jueves de Jazz Federico Garcia comparte con la audiencia fabuloso jazz compuesto e interpretado por por excelentes m\u00fasicos y cantantes internacionales de la esfera del jazz surgidos en ambos lados del Oc\u00e9ano Atl\u00e1ntico (jazz latino, jazz flamenco, jazz experimental o free jazz, jazz n\u00f3rdico, jazz belga, tango jazz, jazz canario, jazz finland\u00e9s, jazz franc\u00e9s, jazz austriaco, jazz dann\u00e9s, jazz mexicano, jazz argentino, jazz chileno, etc.).\u2028<\/p>\n\n\n\n<p><br>Jueves de Jazz es transmitido todos los Jueves a las 18:00 horas (hora de B\u00e9lgica) <br>\u202811:00 (hora de M\u00e9xico)\u2028\u2028     <a href=\"http:\/\/www.radioalma.be\" data-type=\"link\" data-id=\"www.radioalma.be\">www.radioalma.be<\/a><br><\/p>\n\n\n\n<p>Es retransmitido todos los Martes a las 23:00 horas (hora de B\u00e9lgica) \u202816:00 (hora de M\u00e9xico).<\/p>\n\n\n\n<p>En el <a href=\"https:\/\/radioalma.eu\/jazz\/entrevista\/\" data-type=\"link\" data-id=\"https:\/\/radioalma.eu\/jazz\/entrevista\/\">blog de Jueves de Jazz<\/a> encontrar\u00e1n podcasts con todas las Charlas que espor\u00e1dicamente,<br>desde el inicio del programa en Febrero del 2017.<br><br>\u2028\u2028En Jueves de Jazz frecuentemente Federico Garcia sostiene Charlas con grandes jazzistas en el estudio de Radio Alma, y en el extranjero directamente en caf\u00e9s o estudios de jazzistas o v\u00eda telef\u00f3nica desde Bruselas, B\u00e9lgica o Waldviertel en Austria.\u2028<br> <br><br><br>Por cierto&#8230; si acaso surje la pregunta sobre la presencia en las redes sociales&#8230;Jueves de Jazz <br>no est\u00e1 m\u00e1s presente en Facebook&#8230; <br>desde ese d\u00eda que bizarramente decidieron desactivar sus p\u00e1ginas en FB<br>quien escuche que escuche sin tener que hacer ruido visual en la llamada social media.. algoritmos&#8230;<br>tal vez un hacker con intenciones incomprensibles, alguien decide reportarme como spammer&#8230;. a saber&#8230; ya no importa&#8230; fue interesante hacer uso mercado\u00f3ico de las redes sociales&#8230; en las cuales tantos seres humanos han sido atrapados y atrapadas por la inmensa tar\u00e1ntula digital&#8230;.<\/p>\n\n\n\n<details class=\"wp-block-details is-layout-flow wp-block-details-is-layout-flow\"><summary>\u00a1Bienvenid@s a Jueves de jazz!<\/summary>\n<figure class=\"wp-block-audio\"><audio controls src=\"http:\/\/juevesdejazz.com\/wp-content\/uploads\/2024\/11\/JdeJvoice-1.mp3\"><\/audio><\/figure>\n<\/details>\n\n\n\n<p><\/p>\n\n\n\n<p><\/p>\n\n\n\n<figure class=\"wp-block-image size-full\"><img loading=\"lazy\" decoding=\"async\" width=\"400\" height=\"400\" src=\"http:\/\/juevesdejazz.com\/wp-content\/uploads\/2024\/11\/JuevesdeJazzlogo.jpg\" alt=\"Jueves de Jazz\" class=\"wp-image-13\" srcset=\"https:\/\/juevesdejazz.com\/wp-content\/uploads\/2024\/11\/JuevesdeJazzlogo.jpg 400w, https:\/\/juevesdejazz.com\/wp-content\/uploads\/2024\/11\/JuevesdeJazzlogo-300x300.jpg 300w, https:\/\/juevesdejazz.com\/wp-content\/uploads\/2024\/11\/JuevesdeJazzlogo-150x150.jpg 150w, https:\/\/juevesdejazz.com\/wp-content\/uploads\/2024\/11\/JuevesdeJazzlogo-200x200.jpg 200w, https:\/\/juevesdejazz.com\/wp-content\/uploads\/2024\/11\/JuevesdeJazzlogo-100x100.jpg 100w\" sizes=\"auto, (max-width: 400px) 100vw, 400px\" \/><\/figure>\n","protected":false},"excerpt":{"rendered":"<p>Jazz from the World in Radio Alma, Brussels&#8217; Mediterranean frequency on 101.9 fm www.radioalma.be Jueves de Jazz is a program created, directed, produced and animated by Federico Garcia in Radio Alma since February 2017. For almost an hour on Jueves de Jazz, Federico Garcia shares with the audience fantastic jazz made and played by great [&hellip;]<\/p>\n","protected":false},"author":1,"featured_media":13,"parent":0,"menu_order":0,"comment_status":"open","ping_status":"closed","template":"template-builder.php","meta":{"footnotes":""},"class_list":["post-22","page","type-page","status-publish","has-post-thumbnail","hentry"],"_links":{"self":[{"href":"https:\/\/juevesdejazz.com\/index.php?rest_route=\/wp\/v2\/pages\/22","targetHints":{"allow":["GET"]}}],"collection":[{"href":"https:\/\/juevesdejazz.com\/index.php?rest_route=\/wp\/v2\/pages"}],"about":[{"href":"https:\/\/juevesdejazz.com\/index.php?rest_route=\/wp\/v2\/types\/page"}],"author":[{"embeddable":true,"href":"https:\/\/juevesdejazz.com\/index.php?rest_route=\/wp\/v2\/users\/1"}],"replies":[{"embeddable":true,"href":"https:\/\/juevesdejazz.com\/index.php?rest_route=%2Fwp%2Fv2%2Fcomments&post=22"}],"version-history":[{"count":11,"href":"https:\/\/juevesdejazz.com\/index.php?rest_route=\/wp\/v2\/pages\/22\/revisions"}],"predecessor-version":[{"id":303,"href":"https:\/\/juevesdejazz.com\/index.php?rest_route=\/wp\/v2\/pages\/22\/revisions\/303"}],"wp:featuredmedia":[{"embeddable":true,"href":"https:\/\/juevesdejazz.com\/index.php?rest_route=\/wp\/v2\/media\/13"}],"wp:attachment":[{"href":"https:\/\/juevesdejazz.com\/index.php?rest_route=%2Fwp%2Fv2%2Fmedia&parent=22"}],"curies":[{"name":"wp","href":"https:\/\/api.w.org\/{rel}","templated":true}]}}